865 (base 14) to base 13.
-1832407
Convert -410536 (base 9) to base 5.
-30240240
What is -100110001011100101001 (base 2) in base 12?
-504035
What is 17b381 (base 12) in base 14?
aa9b3
Convert 2c364 (base 14) to base 2.
11010111101100100
1333323303 (base 4) to base 8
1777363
What is 25974 (base 14) in base 9?
150686
Convert 1030 (base 16) to base 8.
10060
-2130024 (base 5) to base 9
-54663
Convert -572741 (base 12) to base 5.
-324100300
What is -b5695 (base 12) in base 15?
-4a678
What is 12145251 (base 6) in base 4?
1132210333
23a2bb (base 15) to base 14
3254db
Convert -10213202 (base 6) to base 15.
-5d23b
-19508d (base 14) to base 15
-12ad78
Convert 2421802 (base 9) to base 14.
2629d1
What is -13a103 (base 13) in base 8?
-1647616
What is 2330442121 (base 5) in base 9?
11020312
What is 111110001010101111 (base 2) in base 15?
506ae
3143401 (base 8) to base 12
344715
724a (base 14) to base 12
b46a
What is -15012342 (base 8) in base 2?
-1101000001010011100010
201211320 (base 4) to base 5
13400332
What is -111000111111000101 (base 2) in base 4?
-320333011
Convert 2350a7 (base 16) to base 5.
1043030112
What is 1010011001010011110100 (base 2) in base 16?
2994f4
430142431 (base 5) to base 4
12320021302
What is 11100011000111010 (base 2) in base 9?
186452
Convert -13215250 (base 8) to base 16.
-2d1aa8
-245316232 (base 7) to base 16
-ec020c
What is 12003566 (base 7) in base 8?
4026503
-13563a (base 11) to base 5
-23244043
101961 (base 13) to base 7
3121362
Convert -a68b5 (base 14) to base 10.
-402351
What is -693d2 (base 16) in base 7?
-3443505
16b40a (base 14) to base 13
21ca76
1010000101010100011 (base 2) to base 16
50aa3
Convert -614192 (base 13) to base 3.
-11021002112112
121232330 (base 4) to base 3
12100120212
What is -2452230 (base 6) in base 13?
-47a81
Convert 2640514 (base 8) to base 16.
b414c
Convert -222102211102 (base 3) to base 2.
-1111111000010111110
What is -54063 (base 9) in base 4?
-20233002
What is 122355 (base 8) in base 4?
22103231
Convert 342203304 (base 5) to base 2.
101110011101010011001
What is -330112133 (base 4) in base 5?
-30402244
Convert 476cd3 (base 16) to base 10.
4680915
111120112020 (base 3) to base 4
1001032332
Convert -4af4b (base 16) to base 8.
-1127513
What is 4276571 (base 9) in base 8?
10601550
Convert 2423451 (base 6) to base 7.
1041454
What is -4b31270 (base 12) in base 3?
-1000202010212210
Convert -320013213 (base 4) to base 3.
-102200022110
What is -525996 (base 15) in base 2?
-1110111100010101101110
Convert 105b0 (base 14) to base 9.
60224
558796 (base 10) to base 7
4515100
4763613 (base 8) to base 3
2110021101022
What is -a3553 (base 11) in base 16?
-24e1a
What is -244510 (base 9) in base 13?
-522a5
What is 111102222010 (base 3) in base 6?
5401003
-4454330 (base 6) to base 7
-1625361
Convert 1775a9 (base 15) to base 5.
242414114
What is -2012654 (base 7) in base 4?
-322101332
Convert 139fde (base 16) to base 12.
52033a
What is -18a30 (base 16) in base 8?
-305060
Convert -4242001 (base 7) to base 8.
-1754705
6ece62 (base 15) to base 12
1940232
1ab6a9 (base 15) to base 11
810a00
Convert 100142333 (base 5) to base 3.
202011000122
What is 210302142 (base 5) in base 6?
30343211
134311310 (base 5) to base 4
2222111221
-22421413 (base 5) to base 2
-110001001100001011
-1126551 (base 9) to base 16
-948b5
402410 (base 8) to base 5
13213420
Convert 229534 (base 11) to base 10.
364005
-309ecb (base 16) to base 14
-5cd307
What is 45a86 (base 15) in base 12?
a83b3
-1468b2 (base 12) to base 2
-1010011110110000110
Convert -2012220213 (base 4) to base 9.
-1030416
What is 122011201100 (base 3) in base 14?
8b2a5
What is -632367 (base 8) in base 4?
-303103313
382305 (base 16) to base 7
43161615
211000210022221 (base 3) to base 4
230222031310
What is -3666437 (base 8) in base 9?
-1810715
Convert 30020200103 (base 4) to base 12.
109472b
What is -1c3213 (base 16) in base 9?
-3425661
What is 55913a (base 16) in base 15?
75b843
-8b0dd (base 16) to base 12
-235739
Convert -31000413 (base 5) to base 2.
-111101000011111100
215863 (base 12) to base 15
a67cc
What is -143241230 (base 5) in base 12?
-307250
What is -104444022 (base 5) in base 7?
-3661201
Convert 3062df (base 16) to base 15.
429879
-136a300 (base 14) to base 12
-3194850
What is 7550315 (base 10) in base 8?
34632553
What is 148c66 (base 14) in base 3?
1100101000011
-141ba5 (base 12) to base 4
-1101311231
-3533202 (base 7) to base 14
-b8402
312000043 (base 5) to base 12
519589
Convert -100112022220210 (base 3) to base 12.
-18431a0
-7bb4fd (base 16) to base 8
-36732375
What is -2424001113 (base 5) in base 10?
-5687658
What is 82909 (base 11) in base 2?
11101100000111000
-3441b3 (base 13) to base 11
-775601
Convert 23223302 (base 5) to base 15.
4281c
11010100110110011001 (base 2) to base 16
d4d99
What is 1332133100 (base 5) in base 2?
1100111101000110111001
11100122100220 (base 3) to base 14
443c1d
Convert 7829916 (base 10) to base 3.
112201210121220
What is 101401222 (base 5) in base 2?
1100110010001111001
3311201130 (base 4) to base 16
f585c
Convert 210113001 (base 4) to base 6.
3105253
What is -4137307 (base 8) in base 10?
-1097415
-2201212211100 (base 3) to base 7
-15234510
Convert -456a0 (base 15) to base 3.
-102012222120
What is 778434 (base 11) in base 16?
12efb5
-770506 (base 9) to base 12
-1a2029
What is 2294539 (base 11) in base 10?
4002964
212181 (base 9) to base 6
2412331
-11010001100111100011 (base 2) to base 8
-3214743
Convert 1022132332 (base 4) to base 15.
605e1
-101131451 (base 6) to base 12
-6b9b87
What is 513e5c (base 15) in base 12?
1362366
11111110111111101 (base 2) to base 4
133313331
-1122155 (base 7) to base 2
-100010001100000001
120100222021122 (base 3) to base 5
4042333142
What is -259664 (base 12) in base 3?
-1011101111211
What is -1027 (base 13) in base 3?
-10001121
Convert -2102211121102 (base 3) to base 2.
-100111100011000000100
-1111111001001100 (base 2) to base 9
-108263
What is -2112121020 (base 3) in base 15?
-ec40
Convert -1001100011110010010010 (base 2) to base 5.
-1120141444
Convert -42a0a (base 14) to base 7.
-1240513
-100101110011100011 (base 2) to base 7
-1213314
-32765 (base 14) to base 11
-83899
What is -306021 (base 8) in base 13?
-371c6
What is 2144558 (base 9) in base 13?
3141b9
What is 85b34 (base 15) in base 10?
424399
-2931 (base 10) to base 13
-1446
What is 11433034 (base 5) in base 2?
11010011111100111
-6d6c87 (base 16) to base 4
-123112302013
Convert -14030321323 (base 5) to base 15.
-1870ec8
Convert 351359 (base 10) to base 5.
42220414
Convert -2460207 (base 8) to base 16.
-a6087
173a787 (base 11) to base 12
ba7345
42555323 (base 6) to base 7
13464234
What is 127ad (base 14) in base 5?
2423204
Convert 1143c2 (base 14) to base 16.
8f8c6
Convert 16508b (base 12) to base 3.
201101222222
What is -1220302 (base 8) in base 16?
-520c2
-24417730 (base 8) to base 3
-101010102212012
What is -12001010220222 (base 3) in base 9?
-5033828
104244 (base 5) to base 4
321303
What is -111101001010011101110101 (base 2) in base 8?
-75123565
-19704 (base 10) to base 8
-46370
Convert 8269d8 (base 14) to base 10.
4397842
-b3690 (base 15) to base 13
-16b9a8
64acb9 (base 13) to base 4
21001223020
What is -109419 (base 12) in base 14?
-6c7d3
What is 454454011 (base 6) in base 11?
4789429
Convert 1203233 (base 5) to base 12.
10aba
Convert -47871 (base 14) to base 6.
-3424015
What is -1134041203 (base 5) in base 9?
-4867833
Convert -47c8f4 (base 16) to base 12.
-16aa618
-24652 (base 8) to base 14
-3c5c
What is 407bc (base 13) in base 2?
11100001101111110
What is -1373512 (base 9) in base 16?
-b8d7e
-17db39 (base 15) to base 5
-244111104
-26562355 (base 7) to base 8
-11265506
What is -35631624 (base 7) in base 12?
-1089106
Convert 4ec41a (base 15) to base 16.
39cb9b
Convert 105163436 (base 7) to base 3.
110000102021102
-2355300 (base 6) to base 15
-26c73
Convert 241542 (base 8) to base 11.
57220
Convert -10345231 (base 6) to base 15.
-61b14
-3221332202 (base 4) to base 15
-13de65
What is -7327225 (base 9) in base 16?
-3bbf7c
What is 2626241 (base 7) in base 13?
c0245
What is -11221112122 (base 3) in base 12?
-48408
What is -33b705 (base 12) in base 7?
-10021052
-12749a (base 11) to base 6
-4143015
What is 5075756 (base 9) in base 10?
2707395
What is -2